o is divided by d(-87)?
9
Suppose 0 = -2*d - 0*d + 68. Let k = d - 36. What is the remainder when 261/3*(k - 21/(-9)) is divided by 11?
7
Suppose -1260 = -12*o + 9*o. Suppose 2*v - 278 = -4*d + 5*d, 0 = -3*v + 3*d + o. Calculate the remainder when v is divided by ((-6)/4 + (-8)/(-16))*-20.
18
Let x(n) be the first derivative of -4 + 5/2*n**2 - 17*n. Calculate the remainder when x(8) is divided by 13.
10
Let v(f) = f**3 - 74*f**2 + 154*f + 305. Calculate the remainder when v(72) is divided by 131.
108
Let g(x) = 9*x - 37. Suppose 8*f = 3*f. Suppose -5*t + t = 4*j - 60, 3*j + t - 51 = f. What is the remainder when g(10) is divided by j?
17
Let k = 481 + -466. What is the remainder when 33 is divided by k?
3
Suppose 0*g + 3*z + 528 = -3*g, 0 = -2*z - 10. Let b = -41 - g. Calculate the remainder when b is divided by 5 + -8 - (-35 - 12).
42
Let p = 12846 + -12816. Let o be 6/(1/4*6). Suppose 5*y = w + w + 877, w - o = 0. What is the remainder when y is divided by p?
27
Suppose -22*l - 5*h - 1267 = -25*l, -l + 5*h + 439 = 0. What is the remainder when l is divided by 56?
22
Let i = -4 + -21. Let h = 69 + i. Calculate the remainder when h is divided by 12.
8
Suppose -4*r - 3*l + 202 = 0, l = -2*r - l + 100. Suppose 4*z = o + r, -9*z = -14*z - o + 74. What is the remainder when 122 is divided by z?
10
Let z be ((-2)/(-6) + -1)/(6/(-36)). Calculate the remainder when 36 is divided by (-2 + z)*(6 - 2).
4
Suppose -3*p - 20*p = 2*p - 1750. Calculate the remainder when 95 is divided by p.
25
Suppose r - 8 = -3*r, 0 = g - 4*r - 10. Calculate the remainder when (15620/2640)/(2/24) is divided by g.
17
Let w(h) = h**2 - 3*h + 5. Let p be ((-19)/38)/(2/16*-2). Suppose 2*j + 4*m - 36 = 36, -p*m - 168 = -5*j. What is the remainder when j is divided by w(4)?
7
Let h(q) = 26*q + 186. Let g be h(-7). What is the remainder when (20/(-2) + g)/((-1)/9) is divided by 19?
16
Suppose -g = 5*a - 204, 4*g - 372 = 2*g + 2*a. Suppose 651 + g = 14*r. What is the remainder when 239 is divided by r?
59
Suppose 0 = 2*w - 17 + 3. Suppose 6*t + 5*q = 9*q + 532, 176 = 2*t - 2*q. What is the remainder when t is divided by w?
6
Suppose 0 = -6*u + 2*u - 104. Let r(a) = -a**2 - 25*a + 27. Let o be r(u). Calculate the remainder when (o*-1 + -1)*(-1353)/82 is divided by 12.
9
Suppose 2*z = 4*z + 2*j - 4, -3*z = -4*j + 1. What is the remainder when (4 - z/1) + 17 is divided by ((-56)/16)/(3/(-6))?
6
Let c = -1200 - -693. Let d = 586 + c. Calculate the remainder when 630 is divided by d.
77
Suppose -7*q - 2 = 5. Let g(x) = -33*x + 1. Suppose 606 + 408 = 5*c - 4*y, -4*c = 5*y - 803. What is the remainder when c is divided by g(q)?
32
Let z = -25574 + 25589. Calculate the remainder when 102 is divided by z.
12
Suppose 284*b - 844 = 282*b. Calculate the remainder when b is divided by 13.
6
Let z(x) = -x + 15. Let i(s) = s - 22. Let r be i(-6). Let a = r + 29. What is the remainder when z(7) is divided by a?
0
Suppose -2652 = -116*o + 90*o. Calculate the remainder when 469 is divided by o.
61
Suppose 28*h - 18*h - 1900 = 0. Let z = h + -147. Calculate the remainder when z is divided by 23.
20
Let g(t) = -3*t**2 - 207*t + 53. Calculate the remainder when 1115 is divided by g(-69).
2
Suppose -684967 = -113*x - 93299. Calculate the remainder when x is divided by 262.
258
Suppose 0 = -v - 3*v - 2*c + 44, 4*v = -4*c + 40. What is the remainder when ((-805)/15)/((-4)/v) is divided by 24?
17
Suppose 4 = b + 15. Let z(m) = m**2 + 10*m - 7. Let k be z(b). Suppose 0 = k*j - 18 - 34. Calculate the remainder when 37 is divided by j.
11
Let y = -15227 + 15405. What is the remainder when y is divided by 26?
22
Let d = 382 - 340. Let r = d - -46. Calculate the remainder when r is divided by 13.
10
Let h be ((-18)/(-8))/((-3)/60). Suppose 0 = 2*j + j - 12, 3*j = -4*y - 116. Let u = y - h. Calculate the remainder when 51 is divided by u.
12
What is the remainder when (-19576)/(-16)*(13 - 3) is divided by 4077?
4
Let k(p) = p**3 - 6*p**2 + 5*p + 4. Let c be k(5). Let i be ((-73)/4)/(3*c/(-48)). Suppose 125 - i = 4*d. What is the remainder when 142 is divided by d?
12
What is the remainder when -3 + ((-24)/(-6) - 3) + 174 is divided by 70?
32
Suppose -3*t + t + 5*t = 0. Suppose t = -4*v + 3*h + 249, -9*v + 7*v = 3*h - 129. Calculate the remainder when v is divided by 25.
13
Let u(p) = 3*p + 186. Calculate the remainder when 19 is divided by u(-57).
4
Let o = -6853 + 8473. What is the remainder when o is divided by 2?
0
Suppose 4*n + 3549 = 5*u, 4*u - 3607 = n - 770. What is the remainder when u is divided by 410?
299
Let h(l) = -l**3 - 10*l**2 - l - 13. Let q be h(-10). Calculate the remainder when 27 is divided by ((-100)/30 - q)*(-32 + -1).
5
Suppose 2*v + 2*v = 48. Let c be 25905/225 - (-2)/(-15). Let f = 118 - c. What is the remainder when v is divided by f?
0
What is the remainder when 426 is divided by ((-3)/((-6)/4))/((-902)/(-8569))?
8
Let j = 3061 - 2780. Calculate the remainder when j is divided by 141.
140
Let g(c) = 3*c**2 - 496*c - 2468. What is the remainder when 7563 is divided by g(-5)?
81
Let g(l) = 13*l**3 + l**2 + 4*l + 10. Let c be g(3). Let j = c + -198. What is the remainder when j is divided by 52?
28
Suppose -6*o + 1395 = -1287. Suppose -18*u = -o - 435. What is the remainder when 243 is divided by u?
47
Suppose 0 = 4*k - 21 - 27. What is the remainder when 1/23 + 932379/2001 is divided by k?
10
Let g = 24209 + -24123. Calculate the remainder when 952 is divided by g.
6
Suppose -4*l + 5*i - 1176 = 6*i, 5*l + 1457 = 2*i. Let f = 415 + l. Calculate the remainder when f is divided by 5.
2
Suppose -40 = 5*a, -5*a = -67*j + 70*j - 12446. Calculate the remainder when j is divided by 35.
32
Let v = 91 + -89. Suppose f - o - 18 = 0, -v*f + 3*f - 14 = -o. Let c(r) = -r**3 - 11*r**2 - 9*r - 5. Calculate the remainder when c(-11) is divided by f.
14
Let f be (-2)/(-17) - (-75872)/136. Suppose 0 = 9*q - 9 + f. Let o = q - -74. What is the remainder when 87 is divided by o?
9
Let s be -1 + 3 + 1 - 0. Let a be (0 + (-1)/s)*-6. Suppose 31 = 2*p + a*l + 7, -2*p + 3*l - 1 = 0. What is the remainder when 12 is divided by p?
5
Suppose -c + 5*y = -10, 5*c + 3*y - 9 + 15 = 0. Suppose -9*k + 0*k + 2007 = c. What is the remainder when k is divided by 56?
55
Suppose 8*q - 16 = 4*q. Suppose -5*k - 13 - 3 = -4*a, k = q. Suppose -4*x + 5*x - 5*y = 81, -5*y + 74 = 4*x. Calculate the remainder when x is divided by a.
4
What is the remainder when 3446/(-12)*3*-2 is divided by 16?
11
Suppose -150 = -7*i - 31. Suppose -4*h = 2*t - 42, -5*h + 8 = -3*t - i. Calculate the remainder when 102 is divided by h.
6
Let f(p) = -p**3 - 18*p**2 + 17*p + 27. Suppose 0 = -2*b + 14 + 20. Calculate the remainder when f(-19) is divided by b.
14
Let u(n) = -2*n**3 - 3*n**2 + 4*n + 4. Let t be u(-4). Let f = t + -31. Let j = 51 + f. What is the remainder when j is divided by 46?
42
Let p(b) = 14*b**2 + 46*b + 2. Let j be p(-5). Calculate the remainder when 20 is divided by (-6)/14 - j/(-7).
3
Suppose -17*r = -5*z - 20*r + 425, -2*z + 149 = -3*r. What is the remainder when 732 is divided by z?
76
Let u(a) = 2*a**3 - 13*a**2 + 6*a - 5. Let f(r) = 4*r**3 - 27*r**2 + 11*r - 10. Let p(n) = -2*f(n) + 5*u(n). Calculate the remainder when p(5) is divided by 9.
1
Let n = -9 + 19. Suppose -67*y + 76*y = 738. Let h = 138 - y. What is the remainder when h is divided by n?
6
Let r be -5 - ((-615)/(-3))/(-5). What is the remainder when 453 is divided by (-20)/(-3) + 4*12/r?
5
Let q = 123 + -118. Suppose -q*l + 152 - 37 = 0. Calculate the remainder when 24 is divided by l.
1
Let u(c) = c**3 + 28*c**2 - c + 10. Calculate the remainder when u(-28) is divided by (14 + -5 - 7) + (4 - 1).
3
Suppose -46*v = 59*v - 19*v - 66650. Calculate the remainder when v is divided by 60.
55
Let p(j) = -13*j**2 - 62*j - 1. Let g be p(-5). Let l(v) = v**3 + 15*v**2 - 19*v + 4. Calculate the remainder when 204 is divided by l(g).
48
What is the remainder when 10484 is divided by (-5)/(4 - (-106 - 0)/(6*-4))?
8
Let l(o) = -2*o - 2. Let q be -1*(-14)/21*9/2. Suppose -q*a + 57 = -2*v - 0*v, -2*v = 2*a - 38. What is the remainder when l(-18) is divided by a?
15
Let y(g) = 88*g**2 - 2*g - 35. Calculate the remainder when y(3) is divided by 191.
178
Let m be (-18)/(-9) - (-10